he remainder when 23066544 is divided by 4006.
4002
What is the remainder when 10369 is divided by 4369?
1631
What is the remainder when 151878 is divided by 4387?
2720
Calculate the remainder when 35795 is divided by 1926.
1127
Calculate the remainder when 708906 is divided by 802.
740
Calculate the remainder when 93796 is divided by 4486.
4076
What is the remainder when 13892788 is divided by 1199?
1174
What is the remainder when 120541 is divided by 12025?
291
Calculate the remainder when 757099 is divided by 5370.
5299
What is the remainder when 467975 is divided by 312?
287
What is the remainder when 8354 is divided by 3898?
558
Calculate the remainder when 5373574 is divided by 2686768.
38
What is the remainder when 308671 is divided by 16245?
16
What is the remainder when 394164 is divided by 2543?
2542
What is the remainder when 18152167 is divided by 1157?
1151
Calculate the remainder when 8858597 is divided by 61.
55
Calculate the remainder when 24484729 is divided by 12242363.
3
What is the remainder when 26888873 is divided by 133?
130
Calculate the remainder when 35081099 is divided by 3660.
3659
Calculate the remainder when 694428 is divided by 8680.
28
Calculate the remainder when 220031 is divided by 731.
0
Calculate the remainder when 26775082 is divided by 131.
123
What is the remainder when 86679 is divided by 213?
201
What is the remainder when 35709823 is divided by 25?
23
What is the remainder when 3523184 is divided by 293590?
104
What is the remainder when 41082 is divided by 8207?
47
Calculate the remainder when 1751890 is divided by 875897.
96
What is the remainder when 6843672 is divided by 2342?
348
What is the remainder when 40725878 is divided by 884?
882
What is the remainder when 6784735 is divided by 8?
7
What is the remainder when 71937099 is divided by 20?
19
What is the remainder when 5213358 is divided by 1737705?
243
Calculate the remainder when 33585140 is divided by 371.
365
Calculate the remainder when 8573447 is divided by 11416.
31
Calculate the remainder when 9019298 is divided by 202.
200
Calculate the remainder when 396298540 is divided by 606.
598
What is the remainder when 4207265 is divided by 36269?
61
Calculate the remainder when 4666964 is divided by 338.
198
What is the remainder when 37321445 is divided by 36?
29
Calculate the remainder when 648339607 is divided by 14.
13
What is the remainder when 37539251 is divided by 1177?
13
Calculate the remainder when 90981795 is divided by 30327257.
24
Calculate the remainder when 33233077 is divided by 11077669.
70
Calculate the remainder when 28100 is divided by 2266.
908
Calculate the remainder when 11673843 is divided by 179.
0
Calculate the remainder when 18802262 is divided by 87.
83
What is the remainder when 226961 is divided by 28328?
337
Calculate the remainder when 9303267 is divided by 172.
131
Calculate the remainder when 920528 is divided by 133.
35
What is the remainder when 267008 is divided by 899?
5
Calculate the remainder when 1553436299 is divided by 5395.
5394
What is the remainder when 5120167 is divided by 512011?
57
Calculate the remainder when 730465 is divided by 146071.
110
Calculate the remainder when 7864503 is divided by 660.
603
What is the remainder when 53491 is divided by 273?
256
Calculate the remainder when 145714 is divided by 23759.
3160
What is the remainder when 27922 is divided by 2448?
994
What is the remainder when 2720012 is divided by 679855?
592
What is the remainder when 3530715 is divided by 4269?
252
What is the remainder when 1032173 is divided by 576?
557
Calculate the remainder when 2491125 is divided by 9.
6
What is the remainder when 75645 is divided by 5766?
687
Calculate the remainder when 9092688 is divided by 29.
28
Calculate the remainder when 67745368 is divided by 231.
229
Calculate the remainder when 6316 is divided by 2096.
28
Calculate the remainder when 16740 is divided by 1933.
1276
What is the remainder when 572902 is divided by 231?
22
Calculate the remainder when 411157878 is divided by 8.
6
What is the remainder when 89739 is divided by 89727?
12
What is the remainder when 5241009 is divided by 869?
70
Calculate the remainder when 864500 is divided by 1053.
1040
What is the remainder when 859980175 is divided by 10106?
10105
What is the remainder when 2832 is divided by 2782?
50
What is the remainder when 41791 is divided by 962?
425
Calculate the remainder when 27498118 is divided by 26.
24
What is the remainder when 38400366 is divided by 54?
48
Calculate the remainder when 191790 is divided by 21282.
252
Calculate the remainder when 2075710 is divided by 569.
567
What is the remainder when 2908244 is divided by 83?
7
Calculate the remainder when 51850894 is divided by 11.
7
What is the remainder when 1684856 is divided by 30?
26
What is the remainder when 1693076 is divided by 8682?
86
What is the remainder when 305889 is divided by 1429?
83
Calculate the remainder when 31233771 is divided by 948.
15
Calculate the remainder when 381135 is divided by 125379.
4998
Calculate the remainder when 500383549 is divided by 2217.
2215
Calculate the remainder when 218391 is divided by 100.
91
What is the remainder when 151609414 is divided by 10508?
10498
Calculate the remainder when 326621 is divided by 3509.
284
What is the remainder when 374699 is divided by 1102?
19
What is the remainder when 17782143 is divided by 6769?
6749
Calculate the remainder when 5573945 is divided by 1114768.
105
What is the remainder when 26726 is divided by 501?
173
What is the remainder when 5265372 is divided by 20?
12
Calculate the remainder when 33842 is divided by 2663.
1886
What is the remainder when 3414173 is divided by 3414141?
32
Calculate the remainder when 780949 is divided by 689.
312
What is the remainder when 227243 is divided by 4139?
3737
Calculate the remainder when 904229 is divided by 2301.
2237
What is the remainder when 14110644 is divided by 251975?
44
What is the remainder when 388187 is divided by 4755?
3032
Calculate the remainder when 2192438 is divided by 730802.
32
What is the remainder when 1846814 is divided by 423?
419
What is the remainder when 3267039 is divided by 2517?
2490
What is the remainder when 967196 is divided by 8562?
8252
Calculate the remainder when 108403 is divided by 2710.
3
Calculate the remainder when 7298596 is divided by 58.
50
Calculate the remainder when 6244675 is divided by 624467.
5
Calculate the remainder when 19233348 is divided by 3205552.
36
Calculate the remainder when 1553227 is divided by 14516.
15
Calculate the remainder when 8019657 is divided by 1336609.
3
What is the remainder when 18464 is divided by 1528?
128
Calculate the remainder when 2013074 is divided by 34.
2
Calculate the remainder when 10136632 is divided by 985.
982
Calculate the remainder when 9936619 is divided by 4968297.
25
Calculate the remainder when 13234 is divided by 1099.
46
Calculate the remainder when 9443663 is divided by 14484.
95
What is the remainder when 1048757017 is divided by 20?
17
What is the remainder when 354924 is divided by 95?
4
Calculate the remainder when 15833777 is divided by 1130984.
1
What is the remainder when 731443 is divided by 3482?
223
What is the remainder when 111453 is divided by 3412?
2269
Calculate the remainder when 209859 is divided by 2208.
99
Calculate the remainder when 418815 is divided by 1636.
1635
What is the remainder when 355448 is divided by 330?
38
Calculate the remainder when 35944852 is divided by 11981591.
79
What is the remainder when 23034446 is divided by 1303?
12
What is the remainder when 4692669 is divided by 149?
63
Calculate the remainder when 450437 is divided by 1652.
1093
What is the remainder when 5801197 is divided by 1933723?
28
Calculate the remainder when 49417729 is divided by 34.
21
What is the remainder when 3643312 is divided by 2303?
2269
Calculate the remainder when 72138175 is divided by 473.
472
What is the remainder when 2138 is divided by 345?
68
What is the remainder when 2492824 is divided by 671?
59
Calculate the remainder when 623524 is divided by 15.
4
Calculate the remainder when 7574802 is divided by 39.
27
What is the remainder when 3458229 is divided by 15?
9
What is the remainde